6 + 668. Suppose -3*d + 592 = 3*z + y, 4*d + z = 520. What is the highest common divisor of d and t?
26
Let f be (7/((-21)/18))/2. Let o(h) = -10*h**3 - 7*h - 1. Let d be o(f). Suppose -80 + d = 3*b. Calculate the greatest common factor of 28 and b.
14
Let k = -551 - -781. What is the greatest common divisor of k and 10?
10
Let v(a) = a**3 - 32*a**2 + 61*a + 58. Let z be v(30). Calculate the highest common divisor of 24 and z.
8
Let t = 170 - 167. Calculate the greatest common factor of 129 and t.
3
Let v = 47 - 15. Suppose -v + 82 = 5*a. Calculate the highest common factor of 60 and a.
10
Suppose 3*m - 2*h - 262 = 0, 0*h = -2*m + h + 175. Let i(z) = 6*z**2 + 3*z - 1. Let a be i(1). What is the greatest common factor of m and a?
8
Let c be (-6)/5*25*-3. Let n = -1 + 3. Let g be ((-18)/(-4) - n)*4. Calculate the highest common divisor of g and c.
10
Suppose -t - 305 = -5*o + 2*t, -o + 84 = 4*t. Let k = 82 - o. What is the highest common divisor of 18 and k?
18
Let h = 1973 + -871. What is the highest common factor of 38 and h?
38
Let c = 773 - 728. What is the greatest common factor of 285 and c?
15
Suppose 3 = t - 0*t. Suppose -8 + t = 5*i. Let z be (-5)/(-2)*(-22)/i. What is the highest common divisor of z and 22?
11
Suppose -d + 8 = -1. Suppose 5*y = 11 + d. Suppose 0 = -4*u, b + 7*u = 3*u + 6. What is the highest common divisor of b and y?
2
Let o be -1 - (-58)/8 - 7/28. Suppose 0 = -2*g + o*g - 580. What is the highest common factor of 58 and g?
29
Let l(t) = 5*t - 1. Let a(u) = 6*u**3 - 2*u**2 + 1. Let q be a(1). Let g be l(q). Suppose -5*s - 1 = -21. What is the greatest common factor of s and g?
4
Suppose -4*y + 3*y = -30. Let p be 3/(-2)*(8 + -6). Let q(l) = -3*l**3 - 4*l**2 + 2*l + 6. Let x be q(p). Calculate the greatest common divisor of y and x.
15
Let h be (17/(459/(-252)))/(4/(-6)). Suppose 4*m - 5*x - 72 = 0, h = 2*m + 2*x - 4. What is the highest common factor of 26 and m?
13
Suppose -3*c + 3 = -3*m, -3 + 1 = -4*c + 5*m. Let h be c*1/((-3)/(-104)). Calculate the greatest common factor of h and 13.
13
Let j(o) = o**3 - o - 58. Let f be j(0). Let s = f + 93. What is the greatest common factor of s and 7?
7
Let p be (-2)/8 - 29/(-4). Let m = -14 - -15. Calculate the highest common divisor of m and p.
1
Let t(c) = c**3 + 4*c**2 - 24*c - 3. Let f be t(-7). Calculate the greatest common factor of 12 and f.
6
Let u(z) = 14*z**3 + 4*z - 3. Let i be u(2). Let p = 15 - -14. Suppose 6*f - 49 = p. Calculate the highest common factor of f and i.
13
Suppose -2*w + 162 = 12. Calculate the highest common factor of 15 and w.
15
Suppose 0 = 4*q + 5*x - 250, 3*q = -5*x + 6*x + 197. What is the greatest common factor of q and 260?
65
Suppose 0 = 3*g - 11 - 4, 199 = 4*s + 3*g. What is the highest common factor of 46 and s?
46
Suppose b + 8 = 9*b. Let n be ((-12)/(-28))/b - 81/(-7). What is the greatest common factor of 8 and n?
4
Let k(h) = 7*h**2 + 6*h + 13. Let z be k(-3). Let d = z + -24. Calculate the greatest common factor of 85 and d.
17
Let a(n) = -6*n**2 - 7*n - 10. Let b be a(-7). Let d = -302 - -307. Let f be ((-8)/d)/(17/b). What is the greatest common divisor of 16 and f?
8
Let w = -601 - -1216. Suppose -10*i = -745 - w. Calculate the greatest common factor of i and 17.
17
Let z(v) = -5*v**3 - 2*v**2 + 1. Let o be z(1). Let p(g) = g**2 + 5*g - 167. Let r be p(-15). Let x = o - r. What is the greatest common divisor of 77 and x?
11
Suppose 2*t = -3*t + 295. Suppose -s - 4 = 0, 2*p - s = 5*p - t. Let h = p + -14. Calculate the highest common factor of h and 21.
7
Let q = 48 - 44. Suppose q*x + 580 = 8*x. Calculate the greatest common factor of 29 and x.
29
Let n(l) = -l**3 - 13*l**2 - 1. Let m be n(-13). Let u(w) = -33*w**3 - 2*w**2 - w. Let a be u(m). What is the greatest common factor of a and 160?
32
Let b(s) = 2*s - 33. Let v be b(22). What is the greatest common factor of v and 297?
11
Let c be (40/(-6))/(4/(-66)). Let n be ((-213)/(-5) - 3) + (-12)/20. Suppose p = -29 + n. What is the highest common divisor of c and p?
10
Let m(b) = -10*b - 16. Let k be m(-3). What is the greatest common divisor of k and 210?
14
Let o(d) = d**2 + 10*d + 181. Let s be o(-9). Suppose -h = -3*m + 133, h - 35 = -2*m + 47. What is the highest common divisor of s and m?
43
Let p(b) = -b**2 - 4*b + 7. Let z be p(-4). Let r be 3/(3/(2 + z)). What is the highest common factor of 99 and r?
9
Suppose 4*s + 240 = 2*j + 890, 5*s + j = 795. Let v = -8251 - -8261. Calculate the greatest common divisor of v and s.
10
Suppose -4*o - 8 = -4. Let b be 2 + (o - (-1 - 1)). What is the highest common divisor of 9 and b?
3
Suppose 0 = 3*q - 3*r - 6, -3*r = q + 9 + 9. Let c be (0 - -1) + q + 9. Let o(k) = -2*k - 28. Let i be o(-28). What is the highest common divisor of c and i?
7
Let f(p) = -1 + 0 + 21*p - 5 + 17*p. Let w be f(6). What is the greatest common factor of 37 and w?
37
Let n = 1 - -3. Suppose 2*j + 6 + 4 = -n*s, 0 = -3*s + 4*j + 9. Let y be s/2 + 91/14. What is the highest common divisor of y and 42?
6
Suppose -9*t + 123 + 12 = 0. Let v = 30 + t. Calculate the greatest common factor of 27 and v.
9
Let p = 133 - 7. Let l = -51 - -90. Suppose -y - 3*u + 13 = y, -y = -5*u - l. What is the highest common divisor of y and p?
14
Suppose 4 = -3*h + 7, 2 = 3*b - h. Let d be (2/4)/(b/40). Calculate the greatest common divisor of 4 and d.
4
Suppose -a = 2*a - 33. Let s be (-108)/(-11) + 2/a. What is the highest common factor of s and 10?
10
Let m be (-55)/(-3) + (-2)/6. Let z = -1359 + 1485. Calculate the highest common factor of m and z.
18
Suppose -8 = -5*q + 2, -l - q = -62. Let k = l - 32. Let p = k + -20. Calculate the greatest common divisor of p and 40.
8
Let v(n) = 4*n + 108. Let x be v(-23). Calculate the highest common divisor of x and 112.
16
Let q = -481 + 609. What is the greatest common factor of 288 and q?
32
Suppose -f - 16*f + 3264 = 0. Calculate the highest common divisor of f and 12.
12
Let i be 2 - 2 - -2 - (-1 + 15). Let f be (-2)/(-3) - (268/i + 3). Suppose 5 + 175 = w. Calculate the highest common divisor of f and w.
20
Let n = -90 - -54. Let p = n + 51. What is the greatest common factor of 60 and p?
15
Let j be 1 + (1 + -2 - -2). Suppose -3*q = -5*d - q + 71, 0 = j*q - 4. Calculate the greatest common factor of 105 and d.
15
Let n be 63/6 - (-2)/4. Suppose -39 = -4*f - 35. What is the greatest common divisor of f and n?
1
Suppose 59 + 18 = 11*v. Suppose 0 = 3*a - v*a + 96. What is the highest common factor of a and 216?
24
Let g = 482 + -465. Calculate the greatest common divisor of g and 391.
17
Let c be (-1 - 0 - -30)*15. Let v = c + -172. Suppose 3*p + 74 = v. Calculate the highest common divisor of 7 and p.
7
Let n(z) = z - 12. Let o be n(10). Let a be (2 - 23)/(1/o). Calculate the highest common divisor of 105 and a.
21
Let x = 95 - 51. Suppose -4*s + 3 + 12 = -5*f, -3*s = 15. Let b be 8 - ((-14)/f + 1*-5). What is the greatest common factor of b and x?
11
Let g(i) = i**3 - 13*i**2 + 12*i + 4. Let z be g(12). Suppose -4*t = r - 69, -t + z*r - 4 = -0*r. Calculate the highest common divisor of 32 and t.
16
Suppose -206 = -a + 11. Let y = -643 + 674. What is the greatest common divisor of a and y?
31
Let l(b) = b**3 + 8*b**2 - 19*b + 30. Let w be l(-10). What is the highest common divisor of 16 and w?
4
Let q = -5 + 9. Suppose 0 = 5*h - 0*f - 4*f - 9, h - q = 3*f. Calculate the greatest common divisor of h and 9.
1
Suppose 0 = -2*k - 2*k - 8, -10 = 2*u - k. Let n be 32 - (-9)/(27/u). What is the highest common factor of n and 15?
15
Suppose 7*s + 28 = 315. What is the greatest common divisor of 82 and s?
41
Let t be -1 + -2 + 2 - -10. Let q = t + -12. Let v(h) = h**2 + 3*h + 2. Let a be v(q). What is the highest common divisor of a and 3?
1
Let n(c) = 5*c - 1. Let k be n(1). Let j be 0*(-3)/6*1. Suppose j*t + 36 = t. What is the highest common factor of t and k?
4
Suppose 0 = 3*n - 5 - 7. Suppose -8*x + 64 = -n*x. Calculate the greatest common factor of x and 56.
8
Let d = 145 - 146. Let t be (-17)/d - (5 - 4)*1. Calculate the highest common divisor of t and 256.
16
Let x be (-21)/(-14) + 51/18*3. Calculate the greatest common factor of 310 and x.
10
Suppose -4*v = -5*z - 4, -3*v + 3 = -2*z - 0*z. Suppose l + 3*l - 58 = 2*j, l + 4*j + 8 =